 by i?
1
Suppose -v = -2 - 5. What is the remainder when 116 is divided by v?
4
Let g(y) = -16*y**3 - 2*y**2 - 2*y + 1. Let i be g(-2). Suppose 5*z - 115 - 10 = 4*a, 5*z - i = -3*a. Calculate the remainder when 122 is divided by z.
22
Let q = -20 - -24. Suppose -2*z + q*z = 32. What is the remainder when (-1 - -8)*7 - 2 is divided by z?
15
Suppose -4*f - 2*a + 546 = 0, 0 = 5*f - 21*a + 16*a - 645. What is the remainder when f is divided by 10?
4
Calculate the remainder when 101 is divided by (80/(-48))/((-1)/21).
31
Let l be 2/(-7) + 772/7. What is the remainder when 1/(((-20)/(-4))/l) is divided by 5?
2
Suppose p - 23 = -18. Calculate the remainder when 28 is divided by p.
3
Calculate the remainder when 372 is divided by (-2 - 846)/(-8) + -2 - -3.
51
Let m(v) = -v**2 + 18*v + 27. Let d be m(13). Suppose 3*s - d = 214. What is the remainder when s is divided by 26?
24
Let p = -185 + 240. What is the remainder when 109 is divided by p?
54
Let l(w) = -4*w + 90. Calculate the remainder when l(-13) is divided by 48.
46
What is the remainder when ((1 + 0)*-402)/(-2) is divided by 42?
33
Let g(t) = t**3 - t**2 + 2. Let v be g(0). Suppose u - 12 = -v*u. Suppose -91 = -u*k + 5*c, 2*c = -2*c + 20. Calculate the remainder when k is divided by 15.
14
Let a(f) be the first derivative of -f**2/2 + 52*f + 25. Calculate the remainder when a(-15) is divided by 24.
19
Suppose 0 = -c + 3 - 4, 38 = k + 3*c. Let r(o) = o**3 + 4*o**2 - 4*o + 1. Let m be r(-3). Let i = m + -1. Calculate the remainder when k is divided by i.
20
Let g = -28 - -60. Suppose -3*o + 55 = 2*c, 2*c = 2*o + c - g. What is the remainder when o is divided by 7?
3
Let v = 297 + -282. What is the remainder when 23 is divided by v?
8
Suppose 0 = -5*u + 4*x - 67, 4*u - 2*x + 56 = -0*u. What is the remainder when 31 is divided by 580/150 + (-2)/u?
3
Let n(m) = 2*m**2 + 6*m - 5. Let q be n(-4). Suppose -4*l = q*z - 47, 3*z - 2 = 1. What is the remainder when l is divided by 3?
2
Suppose -w + 80 = 9. Let p = 104 - w. Suppose -5*r = -2*r - p. What is the remainder when 20 is divided by r?
9
Let n = -95 + 95. Let c(s) = -4*s**2 + s + 83. Suppose 7*m = 4*m + 51. What is the remainder when c(n) is divided by m?
15
Let t(h) = h**3 + 8*h**2 + 7*h - 3. Let l be t(-7). Let s be (-214)/6 - (-1)/l. Let m = s - -50. Calculate the remainder when 40 is divided by m.
12
Let l(u) = u**3 - 5*u**2 - 9*u + 14. Calculate the remainder when 138 is divided by l(7).
40
Let i(f) = -6*f + 68. Calculate the remainder when i(7) is divided by 16.
10
Let j(z) = z**2 - 2*z - 3. Suppose 11*a - 7*a = -16. Let t be j(a). Suppose -t = 3*l - 66. What is the remainder when l is divided by 4?
3
Suppose 0 = -a + 4*b + 61 - 23, 5*b - 29 = -a. What is the remainder when 196 is divided by a?
26
What is the remainder when 17 is divided by 3*(5 - (-11)/((-165)/40))?
3
What is the remainder when ((-56)/12)/(-7)*24 is divided by 8 + (2 - (-3 + 3))?
6
Suppose 0 = -16*a + 20*a - 880. Suppose -10*m = -5*m - a. What is the remainder when m is divided by 12?
8
Suppose 108 = 3*y + 10*s - 13*s, 31 = y - 2*s. Calculate the remainder when 531 is divided by y.
39
Let s(c) = 2*c - 13. Let f be s(7). Calculate the remainder when 37 is divided by -10*f*(0 - 2).
17
Suppose 155 = 5*m - 3*t, 3*m + 5*t - 138 = -11. Calculate the remainder when m is divided by 21.
13
Suppose d + 630 = 11*d. What is the remainder when 690 is divided by d?
60
Let f = -272 + 287. Calculate the remainder when 41 is divided by f.
11
Let s(l) = 2*l**3 - 20*l**2 + 4*l - 77. Calculate the remainder when s(11) is divided by 42.
41
Let j(w) = w**3 - w**2 - 8*w + 16. What is the remainder when 388 is divided by j(3)?
8
Let b = 1029 - 978. Calculate the remainder when 713 is divided by b.
50
Let d = 893 - 692. Calculate the remainder when d is divided by 17.
14
Let g = 15 + -27. Let s(l) = -l. Calculate the remainder when s(-6) is divided by ((-4)/(-6))/1 + (-40)/g.
2
Let k be (1/1)/((-3)/(-12)). Suppose -75 + 3 = -2*a + 2*r, k*r - 46 = -a. Suppose -a = -7*p + 5*p. Calculate the remainder when p is divided by 11.
8
Suppose 0 = 2*t - t - 5*i - 19, 28 = 4*t - 4*i. Suppose 4*b - x = 357, 0*x + 345 = t*b - 5*x. What is the remainder when b is divided by 13?
12
Suppose 3*c = -2*c - 20. Let k = 53 + -45. Let l = k + c. What is the remainder when 14 is divided by l?
2
Let z = 44 - 38. Let x = z + 33. What is the remainder when x is divided by 14?
11
Let r = 241 + -182. What is the remainder when 235 is divided by r?
58
Let l = -2 - -20. Let f = l + -15. Suppose 7*i - 5*i - 24 = 0. Calculate the remainder when i is divided by f.
0
Let l = 2671 - 2657. Let v(a) = -a**3 + 8*a**2 - 6*a + 3. Calculate the remainder when v(6) is divided by l.
11
Suppose -28*u + 788 = -220. Calculate the remainder when u is divided by 14.
8
Suppose -7*m + 8 = -13. Calculate the remainder when 14 is divided by m.
2
Suppose -6 = -3*j - 0. Suppose 0 = 4*b - j*y + 202, b = 5*b - 3*y + 205. What is the remainder when 14 is divided by (-14)/b*28/2?
2
Suppose 21*i - 312 = 19*i. Suppose -4*k = 16 - i. What is the remainder when k is divided by 19?
16
Suppose -5*m + 24 = p - 11, 4*m = -4*p + 156. What is the remainder when p is divided by 14?
12
Let t(w) = w - 1. Let f be t(4). Let y be ((-44)/(-12) + -3)/(5/15). Calculate the remainder when 21 is divided by 6*y/f*2.
5
Suppose 4 = 4*d + 12. Calculate the remainder when ((-8)/(-10))/(22/825) is divided by (-2 - (-22 - -2)) + d.
14
Let b = 518 + -125. Calculate the remainder when b is divided by 6.
3
Let x(z) = -23*z. Let r(q) = 69*q - 1. Let w(g) = -6*r(g) - 17*x(g). What is the remainder when w(-2) is divided by 18?
16
Suppose 3*y = -h - 1 + 2, 32 = 2*h - 4*y. Let a = 8067 - 8028. What is the remainder when a is divided by h?
9
Let p(l) = -8*l + 42. Let s be p(5). Suppose -s*k - 56 = -w, -3*k - 106 = -2*w - 5*k. Calculate the remainder when w is divided by 20.
14
Suppose -3*g + 2*g + 3*b = 59, 5*b = -5*g - 295. Let c = 83 + g. Calculate the remainder when 11 is divided by (12/8)/(9/c).
3
Suppose -3 = -4*n + 17. Calculate the remainder when 26 is divided by n.
1
Suppose 0*m + m = -b + 6, b - 15 = -4*m. Suppose -u + 20 = -5*q, -u - u - b*q = -1. Calculate the remainder when 12 + 1/((-1)/(-2)) is divided by u.
4
Suppose -a - 6 + 74 = 0. What is the remainder when a is divided by 20?
8
Let y(p) = -2*p**3 + 39*p**2 - 18*p - 12. Let v(z) = 2*z**2 - z - 2. Let t be v(-3). Calculate the remainder when 46 is divided by y(t).
4
Let g(n) = -n**3 + 6*n - 3. Let z be g(3). Let s(c) = c**3 + 13*c**2 + 9*c - 29. Suppose q = -0*q + 16. Calculate the remainder when q is divided by s(z).
2
Let x be -2 + 5 + (-1 - -1). Suppose j = -h + 13, -h + 2 - 21 = -x*j. Let k = -7 + 30. What is the remainder when k is divided by j?
7
Suppose 4*a = -16, -5*h - 2*a = -0*h - 212. What is the remainder when 156 is divided by h?
24
Let p = 489 - 476. Calculate the remainder when 110 is divided by p.
6
Suppose 13*i - 202 - 188 = 0. What is the remainder when 88 is divided by i?
28
Let o = 39 - 28. Let i(w) = w**3 - 9*w**2 - 19*w + 22. Calculate the remainder when i(o) is divided by 28.
27
Suppose -363 = 2*u + 43. Let h = -44 - u. Calculate the remainder when 2/(6/h)*1 is divided by 18.
17
Suppose -18*i = -26*i + 720. What is the remainder when i is divided by 14?
6
Let r = -1629 + 1698. Let x = 36 - 12. Calculate the remainder when r is divided by x.
21
Let s(i) = -126*i + 282. What is the remainder when s(0) is divided by 74?
60
Let i = -11 + 18. Let a = 2 + i. Calculate the remainder when 26 is divided by a.
8
Let k = -35 + 52. What is the remainder when 1 - -216 - (1 + -5 + 2 + 1) is divided by k?
14
Let y be ((-162)/(-12))/((-6)/(-8)). Let o = y + -14. Suppose -2*x - 90 = -o*x. What is the remainder when x is divided by 16?
13
Let p = -4 + 10. Suppose n - 5*z - 45 = 0, 5*n - z - 107 = -2. Suppose -2*g + y = -8, g - 2*y + n = p*g. What is the remainder when 6 is divided by g?
2
Let h = 13087 - 13048. Suppose 2*p - 24 = 5*w, -3*p + 3*w = -7*p + 22. What is the remainder when h is divided by p?
4
Let u be (-288)/20 - (-3)/(-5). Let s = 27 + u. Calculate the remainder when 22 is divided by s.
10
Let z = 14 + -8. Suppose -y - 2*o = -o + 15, 4 = 4*o. Calculate the remainder when 2/(-1) - y - -3 is divided by z